 of 143551?
143551
What are the prime factors of 555788?
2, 19, 71, 103
What are the prime factors of 112558?
2, 167, 337
What are the prime factors of 5670870?
2, 3, 5, 421, 449
What are the prime factors of 7077593?
17, 263, 1583
List the prime factors of 369516.
2, 3, 7, 53, 83
What are the prime factors of 99367?
99367
List the prime factors of 2340605.
5, 468121
What are the prime factors of 15710826?
2, 3, 1543, 1697
What are the prime factors of 2325907?
2325907
List the prime factors of 1164027.
3, 388009
What are the prime factors of 6091805?
5, 761, 1601
List the prime factors of 248362.
2, 124181
List the prime factors of 5566951.
13, 428227
List the prime factors of 34478.
2, 17239
List the prime factors of 233145.
3, 5, 11, 157
What are the prime factors of 3450163?
691, 4993
List the prime factors of 2041836.
2, 3, 17, 10009
List the prime factors of 423789.
3, 141263
List the prime factors of 23705.
5, 11, 431
List the prime factors of 8050897.
23, 350039
What are the prime factors of 6996335?
5, 941, 1487
What are the prime factors of 185911?
11, 16901
List the prime factors of 11510585.
5, 2302117
What are the prime factors of 28109?
28109
What are the prime factors of 21686051?
2551, 8501
List the prime factors of 1252313.
313, 4001
What are the prime factors of 213191?
11, 19381
What are the prime factors of 31121810?
2, 5, 19, 37, 233
What are the prime factors of 9513005?
5, 347, 5483
List the prime factors of 134648.
2, 16831
List the prime factors of 6485588.
2, 1621397
List the prime factors of 30833312.
2, 41, 71, 331
List the prime factors of 7557577.
1657, 4561
List the prime factors of 311289.
3, 11, 9433
List the prime factors of 78542.
2, 173, 227
What are the prime factors of 27715?
5, 23, 241
List the prime factors of 366150.
2, 3, 5, 2441
What are the prime factors of 43355?
5, 13, 23, 29
List the prime factors of 6165431.
6165431
What are the prime factors of 269721?
3, 23, 1303
What are the prime factors of 6247451?
7, 59, 2161
What are the prime factors of 332645?
5, 66529
List the prime factors of 2699754.
2, 3, 449959
List the prime factors of 1622787.
3, 419, 1291
What are the prime factors of 1557513?
3, 61, 2837
List the prime factors of 3792357.
3, 103, 4091
List the prime factors of 11083280.
2, 5, 13, 10657
What are the prime factors of 6219933?
3, 31, 47, 1423
List the prime factors of 1366240.
2, 5, 8539
List the prime factors of 175402.
2, 87701
What are the prime factors of 3572843?
23, 31, 5011
List the prime factors of 2379931.
2379931
What are the prime factors of 348255?
3, 5, 71, 109
What are the prime factors of 1100524?
2, 275131
What are the prime factors of 535106?
2, 11, 13, 1871
List the prime factors of 218659.
7, 31237
List the prime factors of 391257.
3, 43, 337
What are the prime factors of 130699?
130699
What are the prime factors of 3069331?
29, 109, 971
List the prime factors of 5077141.
661, 7681
List the prime factors of 382620.
2, 3, 5, 7, 911
List the prime factors of 1015698.
2, 3, 169283
What are the prime factors of 8152420?
2, 5, 407621
What are the prime factors of 134504?
2, 17, 23, 43
What are the prime factors of 1079701?
7, 154243
List the prime factors of 39149.
11, 3559
List the prime factors of 392971.
157, 2503
List the prime factors of 318099.
3, 106033
List the prime factors of 165309.
3, 55103
What are the prime factors of 14814?
2, 3, 823
What are the prime factors of 1166558?
2, 583279
List the prime factors of 3685476.
2, 3, 197, 1559
List the prime factors of 1570822.
2, 11, 6491
What are the prime factors of 1377164?
2, 344291
What are the prime factors of 210264?
2, 3, 8761
What are the prime factors of 5013957?
3, 13, 128563
What are the prime factors of 32719042?
2, 16359521
What are the prime factors of 1907521?
7, 11, 3539
What are the prime factors of 602848?
2, 18839
List the prime factors of 4323243.
3, 1441081
What are the prime factors of 1533261?
3, 511087
What are the prime factors of 9113813?
139, 173, 379
List the prime factors of 108322.
2, 41, 1321
List the prime factors of 29623.
11, 2693
List the prime factors of 190554.
2, 3, 7, 13, 349
List the prime factors of 1501485.
3, 5, 31, 3229
What are the prime factors of 235242?
2, 3, 7, 1867
List the prime factors of 1895925.
3, 5, 17, 1487
What are the prime factors of 6439294?
2, 17, 189391
What are the prime factors of 566668?
2, 141667
List the prime factors of 7005238.
2, 3502619
List the prime factors of 2450961.
3, 272329
List the prime factors of 6795468.
2, 3, 62921
What are the prime factors of 126474?
2, 3, 107, 197
What are the prime factors of 1064618?
2, 89, 5981
List the prime factors of 348164.
2, 87041
List the prime factors of 1258561.
17, 101, 733
List the prime factors of 1405450.
2, 5, 28109
What are the prime factors of 171763?
171763
List the prime factors of 2541706.
2, 19, 211, 317
What are the prime factors of 3210363?
3, 13, 23, 1193
What are the prime factors of 1768624?
2, 11, 13, 773
List the prime factors of 1212200.
2, 5, 11, 19, 29
List the prime factors of 7446042.
2, 3, 179, 2311
What are the prime factors of 3954183?
3, 17, 23, 3371
List the prime factors of 2517467.
2517467
List the prime factors of 49818.
2, 3, 19, 23
What are the prime factors of 5530296?
2, 3, 131, 1759
List the prime factors of 1365451.
163, 8377
What are the prime factors of 3910377?
3, 43, 30313
List the prime factors of 398003.
523, 761
What are the prime factors of 202687?
157, 1291
List the prime factors of 15853291.
15853291
What are the prime factors of 19738711?
19738711
List the prime factors of 110228.
2, 17, 1621
List the prime factors of 15058684.
2, 31, 121441
What are the prime factors of 371068?
2, 92767
What are the prime factors of 3370923?
3, 19, 6571
What are the prime factors of 130026?
2, 3, 13, 1667
What are the prime factors of 6267165?
3, 5, 417811
List the prime factors of 30564.
2, 3, 283
What are the prime factors of 196908?
2, 3, 61, 269
What are the prime factors of 735123?
3, 317, 773
List the prime factors of 23010287.
23010287
List the prime factors of 2164605.
3, 5, 144307
What are the prime factors of 424679?
424679
List the prime factors of 359969.
179, 2011
List the prime factors of 275979.
3, 11, 8363
List the prime factors of 322133.
7, 17, 2707
List the prime factors of 125630.
2, 5, 17, 739
List the prime factors of 2603646.
2, 3, 19, 23, 331
What are the prime factors of 8059093?
7, 101, 11399
List the prime factors of 21158598.
2, 3, 37, 191, 499
What are the prime factors of 5504067?
3, 283, 2161
List the prime factors of 11195351.
19, 43, 71, 193
What are the prime factors of 284235?
3, 5, 7, 2707
List the prime factors of 640647.
3, 7, 10169
List the prime factors of 109554.
2, 3, 19, 31
What are the prime factors of 22030535?
5, 109, 40423
List the prime factors of 10139675.
5, 7, 13, 4457
List the prime factors of 785189.
71, 11059
What are the prime factors of 5291443?
19, 278497
List the prime factors of 5945485.
5, 7, 13, 73, 179
List the prime factors of 45833.
45833
What are the prime factors of 2998071?
3, 179, 1861
List the prime factors of 1662254.
2, 11, 75557
What are the prime factors of 2003178?
2, 3, 17, 41, 479
List the prime factors of 10264318.
2, 29, 37, 4783
What are the prime factors of 385602?
2, 3, 7, 9181
List the prime factors of 10423483.
7, 1489069
What are the prime factors of 19768127?
17, 59, 19709
What are the prime factors of 7141973?
7141973
List the prime factors of 547755.
3, 5, 13, 53
What are the prime factors of 1429270?
2, 5, 47, 3041
List the prime factors of 1038798.
2, 3, 19237
What are the prime factors of 35705013?
3, 11901671
List the prime factors of 154501.
154501
What are the prime factors of 1534337?
7, 173, 181
What are the prime factors of 11189412?
2, 3, 13, 23909
What are the prime factors of 2887325?
5, 7, 2357
List the prime factors of 186847.
17, 29, 379
What are the prime factors of 1752806?
2, 11, 7243
List the prime factors of 6271955.
5, 1117, 1123
List the prime factors of 1814669.
1814669
What are the prime factors of 67622?
2, 33811
List the prime factors of 211717.
11, 19, 1013
What are the prime factors of 1911048?
2, 3, 79627
List the prime factors of 1856421.
3, 7, 79,